 8 + -7161?
-7152
In base 5, what is 31402 - 1333?
30014
In base 12, what is 0 - -12a504?
12a504
In base 14, what is -5171 + 3?
-516c
In base 6, what is -150510 + -52?
-151002
In base 3, what is -1002 + 11020010?
11012001
In base 12, what is 10 + a349?
a359
In base 9, what is -46 - -188?
142
In base 10, what is 5513 + -4?
5509
In base 15, what is 1a0 - -449?
5e9
In base 9, what is 155 + -260?
-104
In base 3, what is 101112 - -1100222?
1202111
In base 6, what is 5 + -1022214?
-1022205
In base 13, what is -3 + -49b6?
-49b9
In base 12, what is -4b + -3681b?
-3686a
In base 3, what is -1001001000002 - -1?
-1001001000001
In base 6, what is 3 + -10415144?
-10415141
In base 10, what is -9 - 12008?
-12017
In base 10, what is -10556 - 0?
-10556
In base 8, what is -145641 - -4?
-145635
In base 3, what is -121021102 + -102?
-121021211
In base 15, what is 15b + -1e?
13c
In base 16, what is -2 + ffc3e?
ffc3c
In base 3, what is 21 - 101012110?
-101012012
In base 8, what is -6 + 107743?
107735
In base 7, what is 512620 - -4?
512624
In base 7, what is 66424 - -442?
100166
In base 4, what is -3211100 - -3?
-3211031
In base 4, what is 110323213 - -3?
110323222
In base 13, what is -1 - 233c9?
-233ca
In base 12, what is 494 + -58?
438
In base 8, what is -111 - -131774?
131663
In base 2, what is -11 - -101111100100?
101111100001
In base 14, what is -80b - 726?
-1133
In base 11, what is -7 + 8467?
8460
In base 14, what is 576 + 63?
5d9
In base 13, what is -28 - -11684?
11659
In base 4, what is -100211 + -120?
-100331
In base 12, what is 18 - -10b?
127
In base 15, what is -c652 - 1b?
-c66d
In base 13, what is 4 + 50477?
5047b
In base 15, what is 69ece - -2?
69ed1
In base 10, what is 255 + 55?
310
In base 2, what is -1010010010100 - 101?
-1010010011001
In base 12, what is -3 - 3b542?
-3b545
In base 4, what is 3233 - 2030?
1203
In base 12, what is -54 - 2ba2?
-3036
In base 9, what is -5663 - 8?
-5672
In base 8, what is -171354 - -4?
-171350
In base 5, what is 3232413 + 204?
3233122
In base 4, what is 12113301 + -2122?
12111113
In base 5, what is -4 + 11132020?
11132011
In base 11, what is -301a6 + -10?
-30206
In base 4, what is 20 + -11332031?
-11332011
In base 7, what is -134440 + 232?
-134205
In base 11, what is 6a9388 + 0?
6a9388
In base 10, what is -7 + -77653?
-77660
In base 5, what is -2200114130 + -3?
-2200114133
In base 6, what is 1043445 + 12?
1043501
In base 16, what is 5 + -187c?
-1877
In base 2, what is 1 + 10110101011010?
10110101011011
In base 8, what is -1 - 567774?
-567775
In base 13, what is -34a99a - -4?
-34a996
In base 9, what is -3300 - 14?
-3314
In base 6, what is -243 + -1300?
-1543
In base 15, what is -eb + 56?
-95
In base 10, what is 72144 - 1?
72143
In base 2, what is 1001011101011 - -111111?
1001100101010
In base 12, what is 7956b5 + 4?
7956b9
In base 11, what is -1146059 - -4?
-1146055
In base 5, what is 3444 + 42?
4041
In base 3, what is 11 - -122002011222?
122002012010
In base 15, what is 9c + -467?
-3ba
In base 11, what is 285aa + -69?
28541
In base 5, what is -2031 - -302343?
300312
In base 2, what is 111110 + -11001001110?
-11000010000
In base 11, what is 2 + 11400?
11402
In base 3, what is 2 - 200122210?
-200122201
In base 8, what is -4475502 + -3?
-4475505
In base 6, what is 11102 - 23?
11035
In base 6, what is 11133552 + -2?
11133550
In base 11, what is 10224 - 198?
10037
In base 15, what is -4 + -9c2b?
-9c30
In base 12, what is 3 + -21b0b3?
-21b0b0
In base 5, what is -1002 + 2112?
1110
In base 11, what is -89 + -2973?
-2a51
In base 10, what is 168635 - 5?
168630
In base 15, what is -2 + 1dce?
1dcc
In base 14, what is -5 - -7420a?
74205
In base 3, what is 1112210 - 12011?
1100122
In base 9, what is -44 - -10152?
10107
In base 7, what is 224 - 3053?
-2526
In base 8, what is -1134033 - 2?
-1134035
In base 13, what is -48 - 152?
-19a
In base 11, what is 497 + 5?
4a1
In base 12, what is 1a22 - -1?
1a23
In base 14, what is 18 + 30656?
30670
In base 12, what is -81 + -4aa?
-56b
In base 6, what is -21 + 31335?
31314
In base 7, what is -104 + -242453?
-242560
In base 13, what is 5 - -35656?
3565b
In base 7, what is -414 + -564?
-1311
In base 10, what is -4 + -10902?
-10906
In base 7, what is 60 + -232344?
-232254
In base 6, what is -1313 + 2325?
1012
In base 3, what is -10011102120 + -10?
-10011102200
In base 8, what is 4144 - -11?
4155
In base 6, what is 0 + 421312?
421312
In base 9, what is -34171 - 7?
-34178
In base 16, what is -108e1 + 0?
-108e1
In base 5, what is -4 + -24234230?
-24234234
In base 5, what is 1 - 10122001?
-10122000
In base 16, what is 5 - -205b6?
205bb
In base 10, what is 0 + 830570?
830570
In base 10, what is -5 + -15801?
-15806
In base 7, what is -6304216 - 4?
-6304223
In base 14, what is -2 - -ba898?
ba896
In base 7, what is 0 - -63601?
63601
In base 13, what is -3811a - -4?
-38116
In base 2, what is -1011 + -1011101010100100?
-1011101010101111
In base 2, what is 1000011110100100 + -1100110?
1000011100111110
In base 12, what is -99ab + 32?
-9979
In base 15, what is 2 + -2295e?
-2295c
In base 3, what is 1 + -1111122002?
-1111122001
In base 2, what is -10 - -1011110001?
1011101111
In base 16, what is 2789 - 176?
2613
In base 8, what is -2 + 61713?
61711
In base 8, what is -2212 + 4?
-2206
In base 5, what is -2 - -314020?
314013
In base 7, what is -242450 - 2?
-242452
In base 4, what is -133 - 11031?
-11230
In base 7, what is -54105 + 16?
-54056
In base 10, what is 4 + -132561?
-132557
In base 15, what is 21019 - -2?
2101b
In base 10, what is -265 - -806?
541
In base 14, what is -4 + 1048c?
10488
In base 14, what is 47 - -6c?
b5
In base 6, what is 1 - 14043334?
-14043333
In base 12, what is -4 - 6551?
-6555
In base 8, what is 254 + 2112?
2366
In base 4, what is 111 - 133132?
-133021
In base 14, what is -5 + -2ca1?
-2ca6
In base 12, what is -735 + 427?
-30a
In base 7, what is 64 + 1215?
1312
In base 3, what is -2011 - -201021?
122010
In base 9, what is 4 + -256400?
-256385
In base 15, what is -19441 - d?
-1944e
In base 9, what is 13851001 + -4?
13850886
In base 11, what is 173547 + 3?
17354a
In base 5, what is -31014231 + 10?
-31014221
In base 14, what is c + -6a5?
-697
In base 3, what is 121010121 + 2?
121010200
In base 16, what is -3bd87 - 3?
-3bd8a
In base 7, what is 2132 + -4613?
-2451
In base 4, what is 2 - -2022201?
2022203
In base 7, what is -42 + -56560?
-56632
In base 15, what is -3 - -22421d?
22421a
In base 12, what is 4a + 25?
73
In base 8, what is -4 - -57154?
57150
In base 3, what is -120210 - 10200101?
-11021011
In base 10, what is -3 - -8811?
8808
In base 7, what is 22544353 + -5?
22544345
In base 12, what is -11738b + a?
-117381
In base 13, what is -16 - -17c1c?
17c06
In base 13, what is 63 - 44a?
-3b7
In base 16, what is -364 + 22?
-342
In base 5, what is -143 + 1103?
410
In base 12, what is 17880 + -5?
17877
In base 2, what is 1000010001000000 + 11?
1000010001000011
In base 5, what is -13 + 13422?
13404
In base 15, what is -28e - 4d9?
-778
In base 7, what is -20 - -6441?
6421
In base 6, what is -1522505 - 2?
-1522511
In base 2, what is -1111011001101100010 - -100?
-1111011001101011110
In base 14, what is 2 - 2c193?
-2c191
In base 15, what is 2 - -c?
e
In base 13, what is -5145 + -95?
-520a
In base 14, what is 3 + -7d647?
-7d644
In base 7, what is -22 + 5400?
5345
In base 11, what is 4a89 - 57?
4a32
In base 16, what is 23 + -6fa?
-6d7
In base 12, what is 386 - 6?
380
In base 7, what is -11535 - -4?
-11531
In base 16, what is -4a + -441?
-48b
In base 8, what is 160317 - 5?
160312
In base 16, what is -1 + e1ac?
e1ab
In base 4, what is 112 - -130021?
130133
In base 16, what is -1c + 315?
2f9
In base 4, what is -302 + -1011310?
-1012212
In base 9, what is -4 - 852604?
-852608
In base 9, what is 3536 + -15?
3521
In base 7, what is 1650220 + -2?
1650215
In base 16, what is -378f24 + -3?
-378f27
In base 5, what is 10 - -1123421?
1123431
In base 10, what is -20878 + -2?
-20880
In base 14, what is 65 + 8a5?
92a
In base 7, what is 6132560 - -4?
6132564
In base 7, what is -42520 + -333?
-43153
In base 2, what is -110 + -11100010010?
-11100011000
In base 9, what is -128 + -3378?
-3517
In base 2, what is -101110 + 1011101?
101111
In base 4, what is -33102 + 2313?
-30123
In base 11, what is -2664a + 47?
-26603
In b